 - r + 7. Determine h(v).
7
Let l = -33 - -35. Let p(d) = 3*d**l + 3*d - 1 + 438*d**3 + 5 - 440*d**3. Determine p(3).
-14
Let v be ((-48)/20)/(3/(-10)). Let m(n) = -n - 2. Let o(k) = 5*k - 2. Let u(s) = 4*m(s) + o(s). Determine u(v).
-2
Let a(p) = -p**3 + 25*p**2 + 26*p - 3. Let g be (-57)/12 + 5 + 1236/48. Calculate a(g).
-3
Let k be (11/(-22))/(1/(-4)). Suppose -23 = -5*m + k. Suppose -5*w - 3*l - 28 = 0, -4*l = -m*w - 23 + 2. Let x(f) = -2*f - 7. What is x(w)?
3
Let l(z) = -61*z**3 + 18*z**3 + 20*z**3 + 22*z**3 + 5*z + 7 - 5*z**2 + 0*z**2. Give l(-6).
13
Let g = -22 - -16. Let c(n) = 4*n**2 - 11*n - 8. Let r(y) = -3*y**2 + 10*y + 6. Let z(i) = 4*c(i) + 5*r(i). Calculate z(g).
-2
Let p(i) be the second derivative of -i**3/6 + 15*i**2/2 - 2*i - 9. Determine p(11).
4
Let o(i) = 4*i**2 + 6*i + 8. Let v(n) = 7*n**2 + 12*n + 16. Let p(u) = -5*o(u) + 3*v(u). What is p(-7)?
15
Let a be 18/(-63) + (-33)/7. Let i = -13 - a. Let w(k) = k**3 + 7*k**2 - 9*k - 3. Let x be w(i). Let y(p) = -p**2 + 2*p + 3. Determine y(x).
-12
Let q(g) = 12*g + 199. Let c(m) = -5*m - 67. Let h(f) = 11*c(f) + 4*q(f). Determine h(8).
3
Let z(r) = -3*r + 4*r + 2 - 24 + 39. Give z(0).
17
Let u(j) = -20*j - 22. Let o(i) = -18*i - 18. Let c(p) = 6*o(p) - 5*u(p). What is c(-4)?
34
Let p(t) be the first derivative of -t**4/8 + t**3 - 35*t**2/2 + 24. Let o(c) be the second derivative of p(c). Determine o(4).
-6
Suppose -5*d = -3 - 12. Let t(c) = -d + 2*c - c + 4. Give t(-5).
-4
Let k(z) = -3*z**2 - z**3 - 1 - z + z + z. Suppose -5*f - 362 = -4*a - 379, 0 = -4*a - 3*f - 9. Give k(a).
-4
Suppose -4*a = -a + 15. Let q = a + 7. Let d(y) = -5*y**2 + y + 2. Give d(q).
-16
Suppose -6*t + 12 = -12. Let y(z) = -2*z**2 - 7*z - t*z**2 + 5*z**2. Give y(-7).
0
Let j(g) = -g**3 + 4*g**2 + 8*g + 7. Let a(z) = z. Let u(k) = -4*a(k) + j(k). Suppose 2*w + 2*w - p = 20, w = -3*p - 8. Suppose r - 25 = -w*r. What is u(r)?
2
Let f(h) = 2*h - 1. Let o be f(3). Let k be 3 + (-12)/4 + o. Suppose -5*x - t + 6 = 2*t, 10 = 5*x + k*t. Let m(v) = -v**3 - 7. Give m(x).
-7
Let n(a) be the first derivative of -a**7/840 - a**6/120 - a**5/40 - 2*a**3/3 - 2. Let v(b) be the third derivative of n(b). Let s = 183 + -185. Calculate v(s).
2
Let h be (2 - (20/(-8) + 3))*2. Let k(x) be the third derivative of -1/24*x**4 + 2/3*x**h + 0*x + 0 + x**2. Determine k(4).
0
Let i(v) be the second derivative of -v**6/360 + v**5/15 - v**4/8 - 5*v**3/2 - 19*v. Let w(c) be the second derivative of i(c). Give w(3).
12
Let z = -125 + 129. Let d(k) = 3 - 6*k**2 - 1 + 1 - k**3 - z*k - 6. Determine d(-5).
-8
Suppose -7*v + 5*v - 26 = 0. Let f = v + 16. Let l(m) = -m + 6 + 0*m + 0*m - f. What is l(0)?
3
Let s(v) = -v**2 - 11*v + 1. Let g = 80 + -90. What is s(g)?
11
Let o(u) = u**2 - 5*u - 9. Let i be o(7). Suppose 0 = -i*k + 9 + 21. Let y(f) = -2 - 4*f + 2*f + 8 + 1. What is y(k)?
-5
Let z(o) = 11 - o**2 - 4 + 19*o - 25*o + 0*o**2. Calculate z(-6).
7
Let k(q) = -q**2 + 4*q**3 + 4 - 3*q**3 - 3*q**2. Let l(d) = -2*d - 80. Let u be l(-42). Determine k(u).
4
Let c(d) = -d**2 + 13*d - 16. Let u(f) = 11*f**3 + f**2 - 2*f + 2. Let h be u(1). Give c(h).
-4
Let y be 4/(-16) - ((-135)/4)/(-9). Let g(q) be the first derivative of q**4/4 + 5*q**3/3 + 2*q**2 - 2*q + 1. Calculate g(y).
-2
Let z(g) be the third derivative of g**6/60 - g**5/60 + g**4/12 + g**2 + 60*g. Calculate z(1).
3
Let j(y) = -y**2 + 3*y + 4. Let r be j(4). Let o = r - 0. Let x(z) = z**3 - 4 + 10*z**2 - z + o*z**3 - 6*z**2. Calculate x(-4).
0
Let b(h) = h**2 + 3*h - 2. Let g = -10 - -7. Let x be b(g). Let l(i) be the third derivative of -i**6/120 - i**4/24 - 6*i**2. What is l(x)?
10
Let w(t) = -t**3 - 34*t**2 + 70*t - 65. Let u be w(-36). Let k(c) = -6*c + 2. What is k(u)?
-40
Let s(f) = 1389 + 7*f**2 - 1397 + 7*f**3 - 8*f**3. Calculate s(6).
28
Let g(j) = 2*j**3 - 3*j**2 - j. Suppose -w - 5*n + n - 5 = 0, n + 2 = -w. Determine g(w).
-4
Let c(d) be the third derivative of -2/3*d**3 - 2*d**2 + 0*d + 1/24*d**4 + 0. Let t be -4 + 48/18*(-12)/(-4). Determine c(t).
0
Let h(s) = s**2 + 7*s - 1. Suppose q - 3 = 4*d - 26, 3*d - 5*q + 4 = 0. Let w = -23 + d. Let o = 11 + w. Determine h(o).
-11
Let n(r) be the first derivative of -r**4/4 + 4*r**3/3 + 2*r**2 + 3*r - 1. Suppose 11*p + 140 = 195. Give n(p).
-2
Let k(u) be the first derivative of u**2/2 - 3*u + 9. Let y be 9/63 + (-144)/(-21). Calculate k(y).
4
Let i(h) be the first derivative of -h**4/4 + h**3 + 3*h**2 - 4*h + 76. Determine i(3).
14
Let y(u) = -u**3 + 14*u**2 - 7*u + 101. Let w be y(14). Let k(j) be the third derivative of -1/10*j**5 - 1/6*j**w + 1/12*j**4 + 0 + 0*j - j**2. Give k(1).
-5
Let l be -2 - (0 + -4 + 6 + 6). Let b(m) = -7 - 8*m + 21 + 2*m**2 - 3*m**2. What is b(l)?
-6
Suppose f - 7 = 5*u, f - 2 = -u - 7. Let d(w) = w**3 - w**2 - 6*w - 5. Let y be d(u). Let a(j) = 3 + j**3 - j + 5*j**2 + 4*j + 0*j**2. Calculate a(y).
-12
Let d(c) = 2*c + 9. Let w be d(-10). Let b be (11/w)/(1/(-4)). Let v(k) = -k + 3. Calculate v(b).
-1
Let o(n) = 2*n**2 - n - 3. Let u(g) = -g**2 + g. Let a(c) = c**3 + 17*c**2 + 15*c - 17. Let s be a(-16). Let q(r) = s*o(r) - 4*u(r). Determine q(2).
5
Let m(w) = -w**2 + 2. Let g be m(2). Let l(n) = -8543 + 4273 + 4271 + 4*n. What is l(g)?
-7
Let k(o) = 10*o**3 + 24*o**2 + 10*o + 18. Let s(n) = 7*n**3 + 16*n**2 + 7*n + 12. Let i(t) = 5*k(t) - 7*s(t). Suppose -706*r + 350*r - 2848 = 0. Determine i(r).
-2
Let u(i) be the first derivative of i**2 + 17*i - 128. What is u(-7)?
3
Let k(j) be the first derivative of 2*j**3 - 5*j**2/2 - 3*j - 782. What is k(3)?
36
Let b(h) = -h - 3. Let c be b(-5). Let r(q) = -2*q**3 + 11*q - 2 - 2*q**3 + 5*q**3 - 4*q + 8*q**c. Calculate r(-7).
-2
Let h(m) = 56*m**3 - 58*m**3 + 2 - 8*m + 5*m - 14*m**2 - 2*m - 18. Give h(-7).
19
Let l(w) = 9*w - 412. Let h be l(47). Let k(a) = a - 4. Give k(h).
7
Suppose -4*r + 5*z + 0*z + 170 = 0, 5*z = -5*r + 235. Let t(l) = 6 + 0*l**2 - r*l + l**2 + 52*l. Calculate t(-6).
0
Let y(g) = -18*g - 1. Suppose k + 7*k = 56. Suppose k*p - 8 = 6. Suppose -5 - 17 = -2*w - 5*d, 11 = 3*w + p*d. Give y(w).
-19
Let d be (-1)/(-7) - (-82)/14. Let c(p) = -28 + 5*p - p**2 - 11 + 41. Determine c(d).
-4
Let g(w) = 13*w**3 + 17*w**2 - w + 3. Let h(f) = -37*f**3 - 47*f**2 + 3*f - 8. Let o(j) = -17*g(j) - 6*h(j). Let a = -15 - -22. Determine o(a).
-10
Let f be (1 + -1 - -6)*1. Let w(y) be the second derivative of y**4/12 - 4*y**3/3 + 2*y**2 + 264*y. Determine w(f).
-8
Let j(w) be the second derivative of w**4/12 - w**3 - 2*w**2 - 11*w. Let x be j(8). Let b = x - 17. Let i(h) = 2*h + 1. What is i(b)?
-9
Suppose 0 = -4*m - 2607 + 2591. Let v(i) = 0*i**3 + i**3 + 4*i**2 + 3 + 0*i + 3*i. Calculate v(m).
-9
Let k(c) = -7*c**2 + c. Let s be (-108)/45*(-200)/6. Let q be (1/5)/(16/s). Determine k(q).
-6
Let t = -36 + 41. Let v(n) = -6*n - 1 - t + 3*n. Suppose -2*r + 4 = -3*r. Calculate v(r).
6
Let d(q) = -3*q**3 + 23*q**2 - 37*q + 10. Let s(l) = l**3 - 8*l**2 + 12*l - 3. Let x(k) = -2*d(k) - 7*s(k). Let u be 6 - ((-24)/(-16))/(1/(-2)). Give x(u).
-8
Suppose -2*g + 3*g = -q - 2, -g - 8 = 3*q. Let b be q*(-2 - (0 + 30/(-9))). Let d(f) = -f**3 - 6*f**2 - 5*f. What is d(b)?
-12
Let w(m) be the second derivative of -m**3/2 + 3*m. Determine w(-2).
6
Suppose 5*i - 4*i = 3. Let s(w) = -w + 1. Calculate s(i).
-2
Let a(p) = p - 1. Let m(g) be the first derivative of -2*g + 2. Let j(k) = -4*a(k) - m(k). Suppose -2*t + 7 + 1 = 0. Determine j(t).
-10
Let j(i) = i**3 + 6*i**2 - 8*i - 10. Let n be 3*(-2 + 2/(-3))*-2. Let b = 31 - 22. Let m = b - n. What is j(m)?
-3
Let g = 93 + -97. Let f(o) = 2*o - 4. What is f(g)?
-12
Let v(m) be the second derivative of -m**5/20 + m**4/3 + 2*m**3/3 + m**2 + 299*m. Calculate v(5).
-3
Let s = 541 + -542. Let b(z) = -8*z**2 + 1. Determine b(s).
-7
Let c(y) = -2*y**2 - 3*y + 3. Let m be c(-2). Let s be (-2)/(-1) + (m - -1). Let j(d) = -d**2 + 4*d + 3. Determine j(s).
3
Let o(z) be the first derivative of -z**4/4 + 2*z**3/3 + z**2/2 + 1. Let c be 12/(-10)*75/(-45). Give o(c).
2
Let a(b) = -b**2 + 2*b + 31. Let w(m) = 58*m + 297. Let d be w(-5). Calculate a(d).
-4
Let y be 1*((-3)/7)/(2/(-14)). Let o(n) = n**3 + 2*n**2 - 5*n - 1. Let l(i) = -i**2 - i - 1. Let b(q) = y*l(q) - o(q). Determine b(-5).
-12
Let w(b) be the third derivative of b**5/60 + 5*b**4